3*a - 474 = p, 377 + 88 = 3*a - 4*p. What is the hundreds digit of a?
1
Suppose -6*l + l = -55. Suppose l = c - 8. What is the units digit of c?
9
Let g = -1 - -3. Suppose -20 = -g*q - 0*q. What is the tens digit of q?
1
Let w = -6 - -47. What is the tens digit of w?
4
Let f be -3 + 0 + 3 - -85. Suppose 5*n - f = -m, -4*n - 3*m + 3 = -54. What is the tens digit of n?
1
Suppose 4*g = 3*x + 2*x + 7, -3*g + 13 = 4*x. Suppose -4*i = -2*l - 30, i = l + g*l + 4. What is the units digit of i?
8
Let u(d) = d - 4. Let h be u(8). Let y(w) be the second derivative of w**5/20 - w**4/4 - w**3/2 - w**2 + w. What is the units digit of y(h)?
2
Let q(x) = x**2 - 4*x + 5. Let m be q(6). Suppose b + 2*u - m = -3*u, -u - 7 = -5*b. What is the units digit of 7/b + (-1)/(-2)?
4
Suppose n = -u + 23, 0*u + 2*u = -3*n + 70. What is the units digit of n?
4
Let v be (-6)/(-2) + 9 + -19. Let s be (-8)/(-2)*(1 - 4). Let j = v - s. What is the units digit of j?
5
Suppose 218 = -4*j + 6*j. What is the tens digit of j?
0
Let z(m) = -6*m**2 + 9*m + m**3 + 2 - 3 + 17*m**2. What is the units digit of z(-10)?
9
Suppose 0 = 3*p - 43 - 65. Suppose p = 7*t - 4*t. What is the tens digit of t?
1
Let a = 5 - 0. Suppose 10*n - a*n + 5 = 0. What is the tens digit of (n + -15)*6/(-8)?
1
Let f(m) = -4*m**2 + 4*m. Let z be f(3). What is the units digit of ((-18)/z)/((-2)/(-24))?
9
Suppose 0 = -3*y - 3*i + 6, 3*i - 10 = -3*y - 2*i. Suppose y = 6*n - n - 4*w - 113, w + 2 = 0. What is the units digit of n?
1
Suppose -r + 5 = -0. Suppose 6*k - r*k = 2*t - 6, 4*k = 2*t + 6. Suppose 5*c + b - 102 = 0, -5*c + k*b + 32 = -3*c. What is the units digit of c?
0
Suppose -4*y + 3*y = -13. What is the units digit of y?
3
Let l(h) = 2*h**2 + 1. Let p be l(-1). Suppose -m - 48 = -p*m. What is the units digit of m?
4
Suppose -3*p = 2*p - 125. Suppose i + p = 6*i. What is the units digit of i?
5
Let o = -49 - -285. What is the tens digit of o?
3
Suppose 22 = -3*z + 136. What is the units digit of z?
8
Suppose -5*g + 14 = -5*u - 81, -3*u - 51 = 3*g. Suppose 4*m - 2*l + 170 = 0, 4*l - 104 = 3*m + 36. Let j = u - m. What is the tens digit of j?
2
Let u(k) = k + 33. What is the tens digit of u(0)?
3
Suppose -3*c = 1 - 10. Suppose -c*u + 2 = j - 2, -u + 3*j = -8. What is the units digit of u?
2
Suppose -a - 10 = -f, -5*f - 3*a - 2*a = 0. Suppose -3*w = -f*w + 32. What is the tens digit of w?
1
Let v = -22 - -41. Suppose 0 = 2*t - v + 5. Let g(p) = -p**2 + 9*p - 3. What is the tens digit of g(t)?
1
Let a = 4 + -5. Let x = -2 + 3. What is the units digit of (x - 3)*(a - 0)?
2
Let d(z) = -z**2 - 13*z + 5. Let n be d(-13). Suppose -n*m + 240 - 70 = 0. What is the units digit of m?
4
Let c = 34 + -22. What is the tens digit of c?
1
Suppose -4*r + 130 = -5*w, -w - 78 = 2*w - 2*r. What is the units digit of (-4)/(-10) + w/(-10)?
3
Suppose -46 = -3*m + 4*n, m + 2*m - 56 = -n. What is the tens digit of m?
1
Let d = 56 - 28. What is the units digit of d?
8
Suppose -50 = -5*l + 30. Let v = l + -9. What is the units digit of v?
7
Suppose 3*d = s + 59, 3*d - 4*s = d + 56. What is the units digit of d?
8
What is the units digit of -36*(8/3 + -4)?
8
Let z = 3 - -11. Let m = 15 + -13. Suppose 0 = -r + m, -p + 4*r - z = -3*p. What is the units digit of p?
3
Let g = -39 - -71. What is the tens digit of g?
3
Let j = -3 - -7. Let g(k) = 5*k - j*k + 6 + k**2 + 4*k - 2*k. What is the tens digit of g(-4)?
1
Suppose -3 = -m, 3*t - m - 18 = -3*m. Suppose 0 = -i - i + t. Suppose c - 2 = -2*o, 0 = i*o + 1 + 3. What is the units digit of c?
6
Let r(u) = -u**3 - 6*u**2 + 2*u + 8. Let f be r(-6). Let t = -4 - -13. Let j = f + t. What is the units digit of j?
5
Suppose -q + 3*q = 0. Let x = 4 + q. What is the units digit of (-5 + x)*(-1 + -7)?
8
Let r = -10 + 8. Let a be (1 - r)*6/9. What is the units digit of (1/(-1))/(a/(-6))?
3
Suppose 0*l + 5*z = -l + 233, -4*l + 5*z + 832 = 0. What is the units digit of l?
3
What is the units digit of -30*((-3)/(-5) + -1)?
2
Suppose -10 = -4*i + 2*s + 40, -3*i = -5*s - 41. Suppose c - i = -c. Suppose c = -3*z + 27. What is the units digit of z?
7
Let r(g) = -5*g - 10*g + 0*g - 4*g. What is the units digit of r(-1)?
9
What is the tens digit of -1*3 + (-5 - (-515)/5)?
9
What is the tens digit of ((-7)/5)/(11/(-385))*3?
4
Let y(u) = -9 + 10 - u + 13. What is the units digit of y(-11)?
5
Let d = 15 + -12. What is the units digit of d?
3
Suppose 77 - 472 = -5*b. Suppose 219 = 4*c + b. What is the tens digit of c?
3
Suppose 4*i - 4*n - 560 = -i, 2*i = 2*n + 222. What is the hundreds digit of i?
1
Let i = -4 - -4. Let f(l) = 5*l + i - 5 - 3*l. What is the units digit of f(4)?
3
Let o be 6/(0 - (-12)/8). Suppose 5*d - 2*k - 3*k - 65 = 0, o*k + 36 = 2*d. What is the units digit of d?
8
Suppose -3*r + 0*r = -z - 6, -5*r + 2*z + 10 = 0. What is the tens digit of 2 - (-60)/8*r?
1
Suppose 0 = -23*y + 30*y - 2996. What is the units digit of y?
8
Let i(q) = -q**3 + 6*q**2 - 6*q + 7. Let c be i(5). Suppose -c*s + 38 = 2*z, -3*s + 5*z + 64 = z. What is the tens digit of s?
2
Let k(c) = -3*c - 9. Let f be k(-6). Suppose -d = 2*d. Suppose d*x + f = x. What is the units digit of x?
9
Let l = -4 - -8. Suppose 0 = l*o - 17 - 91. What is the units digit of o?
7
Suppose 70 = 5*b + 2*j, 2*j + 3*j = -4*b + 56. What is the tens digit of b?
1
Let l(r) = -r**3 + 15*r**2 - 17*r - 9. Let f be l(14). What is the tens digit of (-2)/(-8) + f/(-4)?
1
Let g(o) = -o**2 - o + 3. Let h be g(0). Let w be 16/h + (-8)/(-12). Let r(c) = c + 8. What is the tens digit of r(w)?
1
Suppose -108 = -4*a - 0*a + 3*v, -4*a + 108 = 3*v. What is the tens digit of a?
2
Let a(f) = f - 5. Let v(d) = -d + 6. Let i(g) = -6*a(g) - 5*v(g). Let p be i(5). Let y = 9 + p. What is the units digit of y?
4
Let o(a) = a**2 + 5. Let j be o(0). Suppose 4*i - j*i = -17. What is the tens digit of i?
1
Suppose n = -0*n + 17. Suppose -3*d + 1 = -n. What is the units digit of d?
6
Suppose -3*s - 4 = 14. What is the units digit of (s/4)/(6/(-16))?
4
Let q(p) = p + 4. Let a be q(-8). Let m(h) = -4*h. What is the tens digit of m(a)?
1
Let i(k) = k**2 - 6*k - 2. Suppose 2*j + 26 = 5*f, -3*j - j = 3*f. Let u be i(f). What is the units digit of (-1 - (-3)/6)*u?
5
Suppose -z + 2*z - 6 = 0. Suppose 1 = 3*h + 4*n - 9, h + 2*n - z = 0. Let d(o) = o**2 + 1. What is the units digit of d(h)?
5
Let d be 4 - (6/(-3) - -1). Suppose -d*l + 20 + 0 = 0. Suppose f - l = -f. What is the units digit of f?
2
Let p(x) be the second derivative of -x**4/12 + 11*x**3/6 + 11*x**2/2 + 4*x. What is the tens digit of p(11)?
1
Suppose 30 = 17*d - 15*d. What is the tens digit of d?
1
Let v(j) be the first derivative of 9*j**2/2 - 7*j + 1. Let h be v(5). Suppose 3*k + 29 = 3*q + 7*k, 3*q = 5*k + h. What is the tens digit of q?
1
Suppose 2*d = 4*d + 5*i + 17, -i = -3*d + 17. Suppose -2 = -j + d. What is the units digit of j?
6
Let n(w) = -w**2 - 7*w + 3. Let s be n(-7). Suppose -3*r + 3*m = -72, s*m = 5*m + 4. What is the units digit of r?
2
Let b be ((-6)/(-4))/(1/30). Let g = -21 + b. Suppose g = -f + 5*f. What is the units digit of f?
6
Let f(u) = u**3 - 6*u**2 - u - 8. What is the tens digit of f(7)?
3
Suppose 0 = -3*y + 180 + 249. What is the tens digit of y?
4
Suppose 2*x - 4 = 2*q, -4*q - 5*x + 22 = -15. Suppose 1 + 4 = 5*c - t, -q*t = 3*c - 3. What is the units digit of c?
1
Suppose 13*v + 25 = 8*v. What is the units digit of (v/2)/((-1)/2)?
5
Suppose 3*l + l - 212 = 0. What is the units digit of l?
3
Let p be (-2)/(-4)*-1*-72. Let c be 2/9 - (-100)/p. Let l = c - -5. What is the units digit of l?
8
Let t be (-24)/(-9) - (-2)/(-3). Suppose 5*o - 4*x = 11, -5*o + 8 = t*x - 9. Suppose 0 = -n + 2 + o. What is the units digit of n?
5
Let r = -43 + 63. Suppose 7 = 5*t + u + 1, 5*u = -r. What is the units digit of 2 + 0 + (9 - t)?
9
Let d(c) = -2*c**2 - c + 1. Let r be d(1). Let i = 2 + 1. Let a = i + r. What is the units digit of a?
1
Suppose -7 = -5*g + 13. Suppose 0 = g*z - 0*z - 40. What is the tens digit of z?
1
Suppose 0*u - 4*u = 0. Suppose u*n - 2*d = 3*n - 16, d = -5*n + 15. What is the units digit of n?
2
Suppose 0 = 2*f - 1 - 5. What is the units digit of f?
3
Let z = 0 + 2. Let o(c) = 4 - 3*c**3 + 4*c + 4*c**3 - 4*c**z - 9*c. What is the units digit of o(5)?
4
Let t(w) = w**3 + 5*w**2 + 2. Let